4 and 2450358?
6
What is the highest common divisor of 16 and 1490096?
16
What is the greatest common factor of 2825 and 1425?
25
What is the greatest common divisor of 123966 and 23643?
639
Calculate the highest common divisor of 81213 and 1419.
33
What is the highest common divisor of 2040 and 1445?
85
Calculate the highest common divisor of 35088 and 488.
8
Calculate the greatest common divisor of 113442 and 73.
73
What is the greatest common divisor of 2656 and 104?
8
What is the greatest common factor of 3196 and 96679?
799
Calculate the highest common divisor of 658109 and 211.
211
What is the greatest common divisor of 918 and 64158?
102
Calculate the greatest common divisor of 5 and 53995.
5
Calculate the greatest common divisor of 3575 and 103025.
325
What is the highest common divisor of 14668 and 76?
76
Calculate the greatest common divisor of 664587 and 154.
77
Calculate the highest common divisor of 5920 and 9990.
370
Calculate the highest common factor of 18 and 262638.
18
What is the greatest common factor of 12 and 135?
3
What is the highest common divisor of 72699 and 429?
33
What is the highest common divisor of 2640719 and 89?
89
What is the highest common factor of 7504 and 67402?
134
What is the greatest common factor of 11 and 3749449?
11
Calculate the greatest common factor of 378 and 1404.
54
Calculate the greatest common divisor of 4525 and 7.
1
Calculate the highest common factor of 82740 and 5040.
420
What is the greatest common divisor of 711 and 559557?
711
What is the highest common divisor of 651 and 620?
31
What is the greatest common factor of 356 and 420436?
356
Calculate the greatest common factor of 79 and 247.
1
Calculate the greatest common divisor of 410 and 34030.
410
What is the greatest common factor of 32523 and 99327?
879
What is the greatest common divisor of 66002 and 122?
122
Calculate the greatest common factor of 568997 and 5313.
253
What is the highest common divisor of 10022864 and 928?
464
Calculate the highest common divisor of 6313 and 1298.
59
What is the highest common factor of 135 and 993?
3
Calculate the greatest common factor of 31 and 156271.
31
What is the highest common divisor of 406 and 360731?
203
What is the highest common divisor of 1598 and 846?
94
Calculate the greatest common factor of 83875 and 12749.
671
Calculate the highest common divisor of 216438 and 246.
6
Calculate the greatest common factor of 17116 and 484.
44
Calculate the highest common divisor of 3688916 and 2552.
1276
Calculate the greatest common divisor of 272 and 178160.
272
Calculate the highest common factor of 4 and 475484.
4
Calculate the greatest common factor of 1188 and 92772.
108
What is the highest common factor of 2311569 and 9?
9
Calculate the highest common divisor of 236 and 488284.
236
What is the highest common factor of 27898 and 166426?
962
What is the greatest common factor of 2956158 and 90?
18
What is the highest common factor of 141099 and 273?
21
What is the highest common factor of 44624 and 32?
16
Calculate the greatest common divisor of 141897 and 63.
21
Calculate the greatest common factor of 1463 and 2527.
133
What is the highest common factor of 23532 and 111?
111
Calculate the greatest common divisor of 14 and 729568.
14
Calculate the greatest common factor of 351552 and 960.
192
Calculate the greatest common factor of 47648 and 152.
8
What is the highest common factor of 675 and 3915?
135
Calculate the highest common factor of 10 and 199000.
10
What is the highest common divisor of 92786 and 102?
34
Calculate the greatest common factor of 197789 and 166.
83
What is the highest common divisor of 44772 and 247?
13
What is the greatest common factor of 18 and 19503?
9
What is the highest common divisor of 60 and 210468?
12
Calculate the highest common divisor of 8820 and 1092.
84
Calculate the highest common factor of 1085 and 66960.
155
What is the highest common factor of 365900 and 400?
100
Calculate the highest common factor of 12210 and 297.
33
Calculate the greatest common divisor of 380302 and 1768.
26
What is the greatest common divisor of 16080 and 720?
240
What is the highest common divisor of 5082 and 861?
21
What is the highest common factor of 1056 and 13332?
132
Calculate the greatest common divisor of 3522 and 203102.
1174
Calculate the greatest common divisor of 28 and 47076.
4
Calculate the greatest common factor of 630 and 369.
9
Calculate the greatest common factor of 340 and 3620.
20
Calculate the highest common divisor of 6 and 52416.
6
What is the greatest common factor of 92538 and 282852?
1746
What is the greatest common divisor of 680 and 5066?
34
What is the greatest common divisor of 60 and 33740?
20
Calculate the highest common divisor of 44 and 531718.
22
What is the highest common divisor of 9660228 and 12?
12
Calculate the greatest common divisor of 7056 and 43344.
1008
Calculate the greatest common divisor of 136234 and 777.
259
Calculate the greatest common factor of 77412 and 4.
4
What is the highest common divisor of 8816 and 478496?
304
What is the highest common divisor of 1 and 45110?
1
Calculate the greatest common divisor of 1440 and 558240.
480
Calculate the highest common factor of 2548 and 12348.
196
What is the greatest common divisor of 58621 and 488?
61
Calculate the greatest common divisor of 805372 and 19.
19
What is the highest common divisor of 54165 and 20?
5
Calculate the greatest common factor of 54835 and 275.
55
Calculate the greatest common factor of 10 and 68935.
5
Calculate the greatest common divisor of 303210 and 945.
135
What is the greatest common factor of 1081616 and 16?
16
Calculate the highest common factor of 187 and 37553.
17
What is the highest common divisor of 78 and 6855?
3
What is the greatest common factor of 43944 and 72?
24
Calculate the highest common factor of 27119 and 235.
47
What is the greatest common divisor of 772 and 32617?
193
What is the greatest common factor of 51546 and 92202?
726
Calculate the greatest common divisor of 140 and 6405.
35
What is the greatest common divisor of 2160 and 15822?
54
Calculate the highest common divisor of 68500 and 150.
50
Calculate the greatest common divisor of 17 and 48026.
1
What is the greatest common factor of 331 and 59?
1
Calculate the highest common factor of 1243165 and 385.
385
Calculate the greatest common factor of 54 and 864.
54
What is the greatest common factor of 20769 and 451122?
483
What is the greatest common factor of 2583 and 39683?
7
Calculate the greatest common divisor of 23969 and 4246.
11
What is the highest common factor of 51101 and 548?
137
Calculate the greatest common divisor of 233816 and 284299.
2657
Calculate the greatest common factor of 90625 and 580.
145
What is the greatest common factor of 58732 and 16?
4
What is the highest common factor of 5 and 5085?
5
Calculate the highest common factor of 5612 and 1012.
92
Calculate the greatest common factor of 1221538 and 232.
58
Calculate the highest common divisor of 12 and 1882788.
12
What is the highest common divisor of 642 and 930?
6
What is the greatest common factor of 264 and 674223?
33
What is the highest common divisor of 22 and 412?
2
Calculate the greatest common divisor of 18036 and 972.
108
What is the highest common divisor of 83811 and 156?
39
Calculate the highest common divisor of 3960 and 469128.
264
Calculate the highest common factor of 927811 and 387.
43
What is the greatest common divisor of 8112 and 192?
48
Calculate the greatest common factor of 399579 and 1035.
69
Calculate the greatest common divisor of 765 and 3599920.
85
What is the highest common factor of 264 and 47850?
66
What is the highest common divisor of 264 and 3912?
24
What is the highest common factor of 30008 and 6696?
248
What is the highest common divisor of 249365 and 265?
265
Calculate the greatest common divisor of 1035 and 71760.
345
What is the highest common divisor of 328515 and 2057?
121
What is the greatest common factor of 291 and 53059?
97
What is the highest common divisor of 22 and 650782?
22
What is the greatest common factor of 16723 and 175?
7
What is the highest common divisor of 320169 and 57?
57
What is the highest common factor of 19 and 17233?
19
Calculate the great